-11))
-31
What is -3 + -5 + 55 - (-22 + 8 + 9 - 5)?
57
1 - -66 - (3 + (-18 - -2) + -248 + 273)
55
What is 133 + 43 + -68 + 35 + -31?
112
What is the value of -6 - -77 - (26 + (-26 - 4))?
75
What is the value of -38 + (1 - -23 - (960 + -945)) + 1 + -14?
-42
Calculate (-7 - ((-184 - -215) + (-3 - -1))) + 2.
-34
What is (2 + -4 - (22 - 8)) + (96 - -44)?
124
What is the value of -2803 - -2738 - (2 + 6)?
-73
What is the value of 122 + 91 + -197 - (-1 - -10) - 25?
-18
What is the value of 24 + (-1 - 0) - (29 - 31) - 11?
14
What is 330 - (-297 + 680) - (12 - (0 + (2 - 1)))?
-64
Calculate 11 - (6 + (97 - -27)).
-119
What is (1 - 4) + 32 - (-56 - (-51 + 8))?
42
(-22 + -2 + 1 - (42 - (-32 - -70))) + 1
-26
What is 25 + (-3 + -19 - 13)?
-10
What is (-109 - -13 - -16) + 39 - ((-2 - 5) + 3)?
-37
What is -13 + -58 - (3 + 1 + -11 + 9)?
-73
What is the value of -57 + 12 + (-11 - -61) + (-26 - 1)?
-22
Evaluate (-31 - 55) + 37 - -38.
-11
What is the value of (25 + (-9 - -7) - (22 - 7)) + 12 + -3?
17
38 - (0 + -1 + 11 + (-119 - (-250 + 144)))
41
(14 - 18) + (111 - 82)
25
What is 340 + -634 - -378 - (-14 + (-1 - -2))?
97
Calculate 138 + -176 - (-48 + 3).
7
Calculate -4 - -4 - (-82 + 82 - (0 - -5)) - 87.
-82
What is the value of 23 + (-16 - -3 - (-2 - 1))?
13
Calculate -8 - (-11 - -2 - (21 + 35 + -52) - -3).
2
What is the value of 0 + -1 + -15 - ((39 - -11) + -109 - -56)?
-13
55 + (-42 - 22) + 16
7
Calculate (-6 - 3) + -5 - -12 - (80 + -12).
-70
What is the value of 1 + 4 + -1 - 1 - (72 + 27 + -43)?
-53
Calculate (-24 - 0 - (440 + -450)) + (-51 - (4 + -16)).
-53
Calculate 20 + 1 - ((-159 - -109) + 127).
-56
Evaluate -225 - -228 - (-3 + 33) - -32.
5
What is (93 - 117) + -89 - 20?
-133
Calculate -11 + 62 - (24 + -57).
84
137 + 144 + -254 + (1 - (13 - 1))
16
-10 - (-6 + -15 - -1 - 23) - -1
34
What is the value of 61 - 91 - -58 - (3 + -4 - 12)?
41
-7 - 0 - ((-5 - 49 - -25) + 1)
21
What is 15 + (29 - (-23 + 6)) - (-51 - -34)?
78
-39 + (43 - 72) + 47
-21
What is the value of -41 + -34 + 42 - -25?
-8
Calculate -128 + 52 + 214 - 98.
40
52 + -122 + 51 - 22
-41
Evaluate (6 - -71) + -58 + 34 + 2.
55
(5 + 2 + 5 - (9 + 1)) + -3
-1
Evaluate (103 - 67) + 28 + -91.
-27
4 - (8 + -1 + 2) - (82 + (-32 - -19))
-74
Calculate 54 - (111 - 80) - 55.
-32
What is -19 + -34 + (39 - -6)?
-8
What is the value of 1596 - 1649 - (25 - 1) - 21?
-98
What is the value of -8 - (-5 - (-12 - -66) - (-6 - 3))?
42
-4 + (-22 - -19) + 4 + 5
2
Evaluate -105 + 76 + (1 - 4 - (-15 + 10 + -9)).
-18
Evaluate (136 - (38 - 12 - 10)) + -10 - 21.
89
Calculate 0 - (378 + -373 - (0 - (-23 + -1))).
19
What is 62 - (95 - (83 - 23))?
27
(-9511 - -9551) + (0 - -2 - -1)
43
What is 37 + (0 + -13 - (-102 - -60))?
66
Calculate -4 - (2 - -5) - (81 - (-37 - -43)).
-86
Evaluate 37 - 135 - (-6 - (-4 - -4 - 6)).
-98
What is the value of 1142 - 1138 - (-2 + 2 - -35)?
-31
What is -16 - (9 + (-5 - (18 + -7 + 69)))?
60
Calculate (7 + (-43 - -34) - -167) + -10 + -1.
154
What is 46 + (33 - (1 - -46))?
32
Calculate 9 - (2 + -11 + 4 - (-15 + 13)).
12
(51 - 2 - 4 - 1) + -19 + 15
40
Evaluate 5 - (35 + -20 - 23) - 90 - -18.
-59
22 - (-7 - -5 - 23 - -17 - (0 + -16))
14
Calculate 102 + -83 + (-43 - 2) + -5 + 1.
-30
Evaluate 42 - (-19 - (29 + -103)).
-13
What is the value of -11 - (-4 - 2) - (805 - 830)?
20
(-4 + 18 + 3 - (48 - 43)) + -33
-21
8 - (93 + -127 + 108)
-66
What is the value of (278 - 255) + (-4 - (4 - 2))?
17
Evaluate 93 - (20 + -1 + 0 + 4 + (137 - 148)).
81
Evaluate 33 + 61 - (115 - -7).
-28
Calculate -80 + 143 + -80 - (4 - -1 - -8).
-30
-123 + (47 - (30 - 4)) + 23
-79
What is the value of -36 + (65 - (2 - 38))?
65
What is the value of 130 + -190 - (16 - 107)?
31
Evaluate 32 + (43 - 86) - (11 + -7 - -80).
-95
What is 5 - (15 + -51 - -62)?
-21
What is 46 + (17 - (-137 - -109))?
91
What is the value of -5 - ((20 - 29 - -11) + 0 + 2 + -104)?
95
What is the value of -59 + 27 + 114 + -64?
18
Calculate 0 + (2 - 68) + 2442 + -2442 + (0 - 8).
-74
What is 23 - (9 - 3 - 3) - (14 + -21 + -3)?
30
Evaluate (-32 - 172) + 168 - ((-1 - -1) + -6).
-30
50 + (-42 + 100 - 106)
2
Evaluate 3 + (-56 + -1 - (109 + -121)).
-42
Calculate -2 + -5 + 19 - (72 - 84).
24
What is the value of 20 - ((15 - 9 - -20) + (-3 - -1))?
-4
What is the value of -108 + 5 - (-743 + 691)?
-51
(-25 - -46) + (-19 - (-20 + 23))
-1
What is the value of (-19 - -7 - (1 - 0)) + (-9 - 4)?
-26
What is the value of 122 - (5 + -1 - (-1235 + 1244))?
127
Calculate -12 + -43 + -33 + 58.
-30
16 + (-19 - -18) + 39 - 24
30
Evaluate ((-11 - -20) + -17 - (5 - 7) - -5) + 28.
27
-2 + -25 + (-1 - 2 - -14) + 13
-3
Evaluate -11 - (1 - -6) - 21 - (0 + -10 + 0).
-29
What is 77 - (-87 + 81 + 81)?
2
Calculate -24 + (6 + 17 - (-15 - (15 - 47))).
-18
Evaluate 1 + 0 + -1 + -22 - ((699 - 1024) + 310).
-7
Evaluate -60 + -3 + 35 - 13.
-41
33 + -16 + 19 + -9 + -12
15
Evaluate 47 - (-7 + (-32 - -52)).
34
23 + 9 + -10 - (51 - 68)
39
What is the value of 5 + 4 + -2 - (10 + (16 - 37))?
18
45 - (52 + 45 + -49)
-3
What is 1623 - 1613 - (-29 - -1)?
38
Evaluate (-57 - 6) + (-43 - -29) + 23.
-54
What is the value of 6 + (-114 + 78 - (-1 - -18))?
-47
Evaluate -64 + 14 - (-8 - 72).
30
Calculate 3 - (-6 + 4 + -9 - (94 + -121)).
-13
Calculate (-2 - -5) + -21 + 3 - (1835 + -1812).
-38
What is the value of (49 - 112 - -36) + (0 - 16)?
-43
What is -3 + (-4 + -3 - (-7 - 6)) - (-9 - -51)?
-39
Calculate -13 - ((-13 - 11) + -5 + 14).
2
What is (-8 + 1 + 13 + 2 + 1 - 8) + 9?
10
What is (-11 + 24 - (0 - -8 - -47)) + 0?
-42
What is the value of -13 - (9 - (0 - (-10 + -10 + 4))) - 60?
-66
21 - (-14 - (8 - (6 - (-8 - 1))))
28
Evaluate -41 + 33 + (5 + -6 - 1) + -43.
-53
2 - (78 - (60 + -29))
-45
1 + 18 + 0 + -67 - (0 - 2)
-46
Calculate -15 + 6 - ((-4 + 27 - 5) + -14).
-13
Calculate (29 - 9) + 16 + -24.
12
Calculate 0 + 18 - 1 - (14 + (-49 - -31)).
21
Calculate -12 + (6 + 25 + -7 - -40).
52
What is the value of ((8 - (-8 - -3)) + -3 - 7) + -28 + -9?
-34
Calculate 2 + (1 - (8 + 3)) + 28 + -26 + 28.
22
-194 + 139 - -46 - (81 - 1)
-89
What is the value of (102 - 249) + 103 + 125?
81
What is (56 - 3) + -31 - 36 - 45?
-59
What is the value of -7 + (20 - ((-17 - -11) + 35))?
-16
(-20 + (3 - 5) - (-9 - 0)) + 34
21
What is 11 + -1 - (-443 - -372 - (1 - 0))?
82
What is -6 - (-31 + -10 + 72) - -105?
68
Calculate 78 + -17 + 43 + -87.
17
What is -60 + -86 + 134 - (0 + (1 - 2))?
-11
What is 0 + (79 - -1) - ((146 - 201) + 60)?
75
What is -91 + (-134 - 4) - -87?
-142
What is the value of (55 - (-4 + 19)) + -36?
4
-14 + 52 + 3 + -34 + 12 + 0
19
What is the value of 35 + (34 - (56 - 15))?
28
What is the value of -70 + 2 + -80 + 122?
-26
Calculate -166 + 237 - (-15 - 21).
107
-2 + 12 + -9 + (12 - (16 - 14))
11
Calculate (-32 - -1) + 113 + -90 + (-1 - 18).
-27
Evaluate 37 + (19 - -1 - 41) - 31.
-15
Calculate (3 + -1 + 0 - (-11 + -19)) + 11.
43
What is 12 + (-1 - 59) + (-39 - -41) + 4 + 0?
-42
-21 + (5 + 2 - -88 - -23)
97
What is the value of -4 + (-11 - (-2 - 50))?
37
Evaluate (-50 - -19 - 13) + 16 + 172.
144
Calculate (56 - ((22 - 80) + 26)) + (0 - 17).
71
What is (-345 - -112) + 199 - (8 + 2 + -2 + -2)?
-40
Calculate -22 - (-6 + -1 - (12 + 15 + (4 - 45))).
-29
Evaluate (-15 - (0 - 4)) + -59 + 41 + 37.
8
-62 + 146 - (-12 + (-3 - 22))
121
What is (50 - ((6 - 6 - (23 + -20)) + 7)) + -13?
33
Evaluate (28 - 5) + (-14 - (17 + -47 - -3)).
36
-1 + 24 + -134 + (181 - -7)
77
What is 51 - (-13 + 2 - (-41 + 29)) - -3?
53
-28 + 0 + -25 + (-93 - -89)
-57
Evaluate 9 + ((-24 - -12) + 5 - -13) - 3.
12
Calculate -26 + 10 + 8 + (13 - 0) - -8.
13
14 + -7 + 6 - (-14 - 0 - -55)
-28
What is the value of 90 + -129 + 22 + 16?
-1
What is 25 - (11 + 0 + (-22 - -40))?
-4
What is 6 - (11 - -5 - 21) - 70?
-59
Calculate -10 + 0 + 3 + -5 + (18 - (-3 - 11)).
20
What is the value of -42 + (-5 - -9) - (50 + -50)?
-38
What is the value of 32 - (107 - 52 - 43)?
20
Calculate -8 + 11 - (-40 + 37 - (3 + 1)).
10
(-2 + 1 - -10) + 18 + 191 + -103
115
What is the value of -4 + 37 + (-1 - (-6 + 9)) + 7 - 9?
27
What is 3 + 6 + 4 + (19 - -10)?
42
Evaluate -32 + (-21 - 28) - (-36 - -4).
-49
Evaluate -111 + 76 - (-20 + 47 - -19).
-81
-831 + 810 + (-2 - 66)
-89
-2 - (-2 + 0) - (-13 - ((18 - 28) + -30))
-27
What is the value of (69 - 3) + (1 - 14) + (2 - (9 - 17))?
63
Calculate (19 - (7 + (1 - 1))) 